= -6*l + 6 + i. Let v(d) = -d**2 - 2*d - 1. Determine v(l).
-9
Suppose -4*g - 4*o - 14 = -2*o, 21 = -3*g + 2*o. Let u(s) be the second derivative of -1/20*s**5 + 7/6*s**3 - 2*s - 1/3*s**4 + 2*s**2 + 0. Give u(g).
-6
Let r(b) = 2*b + 6. Suppose -11 + 32 = 3*c. Calculate r(c).
20
Let f(d) = -3*d - 5*d**2 + 6 + 0*d**3 - d**2 - d**3. Suppose -6*n = -2*y - 2*n + 2, 3*y - 2*n = -9. Give f(y).
-4
Suppose -4 = -4*h + 4. Let f(q) = -q**3 - 5*q - 4 - q**h - 5*q**2 + 6. Determine f(-5).
2
Let w(p) = p**3 + 3*p**2 + 2. Let z be 2/5 + (-220)/50. Let t be w(z). Let g = -9 - t. Let m(y) = -y**3 + 5*y**2 + 2*y - 1. Determine m(g).
9
Let r(l) = -l**3 + l**2 + l. Suppose -6*w = -5*w + 1. Give r(w).
1
Suppose -6*y + 4 = -2*y. Let o = 9 - 6. Let b(q) = 2*q + 0 + 2*q**o - 1 - q**3. Give b(y).
2
Let p = 21 - 1. Suppose p = 4*q, 3*u + 19 = 5*q + 3. Let m(t) = -2*t - 5. Let i(s) = s + 2. Let l(j) = 9*i(j) + 4*m(j). Determine l(u).
1
Let h = 9 + -6. Let m(t) = -t**2 + 3*t**2 + 2*t - h*t**2. Let l be 7/4 + 1/4. Give m(l).
0
Let f(p) = p**2 - 13*p + 4. Suppose -6 = -c + 6. Determine f(c).
-8
Let f(r) = 17*r + 9. Let l(y) = 6*y + 3. Let x(j) = 4*f(j) - 11*l(j). Calculate x(-3).
-3
Let o(p) = -3*p**3 - 3*p**2 - 4*p - 7. Let j(y) = -7*y**3 - 5*y**2 - 7*y - 15. Let q(x) = 2*j(x) - 5*o(x). Give q(-4).
-3
Let u be (10/(-3))/(1/(-3)). Suppose 2*m = -3*m + u. Let h(y) = -y + 4 + m*y**2 - 3*y - y**2 - 12. Give h(6).
4
Let a = 1 + 3. Let c(w) = a*w - 1 + 4*w - 9*w. Calculate c(-2).
1
Let g = -4 + 7. Suppose g*t = -6 - 6. Let x(a) = a**3 + 5*a**2 + 2*a - 1. Give x(t).
7
Let d(g) = g - 2. Suppose 2*q - o + 4*o - 8 = 0, 0 = -4*q + 2*o + 32. Calculate d(q).
5
Let w(r) = 2*r - 1. Let h(i) = -i**2 + 3. Let j be h(-3). Let p = 5 + j. What is w(p)?
-3
Suppose 4*r - 32 = 3*j, 4*j + 6 = -5*r + 3*r. Let b(g) = -g**3 - g**2 - g. Let z(n) = 4*n**3 + 9*n**2 + 9*n + 1. Let a(m) = -5*b(m) - z(m). Give a(r).
4
Let w be 1/(-1) - (4 + -5). Suppose -5*j - 20 + 50 = w. Let a(t) = t - 8. Give a(j).
-2
Let x = -24 + 27. Let w(n) = -n - x - 3 + 6. Determine w(3).
-3
Let w(b) = -b - 9. Let v(t) = -t - 10. Let o(c) = 5*v(c) - 6*w(c). Calculate o(-8).
-4
Suppose 2*c = 5*c - 12, -5*d + 3*c - 22 = 0. Let z(t) be the second derivative of 2*t + 1/2*t**3 + 1/4*t**4 + t**2 + 0. Give z(d).
8
Let w(g) = -1. Let k(m) = 2*m - 5. Let f(s) = -k(s) + 6*w(s). Let h be f(1). Let u(r) = -r + 4. Let z(a) = -3*a + 8. Let n(t) = 5*u(t) - 2*z(t). Calculate n(h).
1
Let t be ((-16)/(-12))/(-2)*3. Let j(w) = 5*w - 8. Let f(k) = 4*k - 7. Let d(m) = -6*f(m) + 5*j(m). Determine d(t).
0
Suppose 0*u + u - 29 = 0. Suppose -r - 12 = -4*w - 5*r, 5*w - 2*r = u. Let h be ((-10)/(-25))/(1/w). Let q(c) = -2*c**2 + c + 1. What is q(h)?
-5
Let b(c) = 6*c + 11 - c**2 - 5*c - 25. Determine b(0).
-14
Let w(a) = -a + 4. Suppose 0 = -o - 4*b - 18, -4 = 2*o - b - 13. Let d(k) = -o + k + 2. Let z be d(0). What is w(z)?
4
Suppose 0 = -3*y + a + 1 - 9, 3*y = 4*a - 14. Let k(g) = g**2 - g. Let o(s) = 5*s**2 - s + 2. Let v(f) = 4*k(f) - o(f). What is v(y)?
0
Let x(w) be the second derivative of 5*w**3/6 + 2*w. Let j be x(1). Let y(a) = -a**3 + a - 3 + 0*a - 4*a + j*a**2. Determine y(4).
1
Let t(m) be the second derivative of 13/2*m**2 - 1/12*m**4 + 0*m**3 + 0 - 5*m. Calculate t(0).
13
Let x(u) = -u**2 - 10*u - 7. Let g be x(-9). Suppose 3*v + k - 6 = -19, -g*v - 4*k = 2. Let i(n) = n**2 + 5*n - 7. Calculate i(v).
-7
Let u(q) = 2*q - 5. Suppose -6 = 3*k - 36. Suppose 2*y + k = 4*y. Calculate u(y).
5
Suppose 0*t = -4*t - 5*f + 18, 2*f = 3*t - 25. Suppose 2*z - t = 1. Let m(h) be the first derivative of 3*h**2/2 - 6*h - 1. Calculate m(z).
6
Let j(s) be the first derivative of s**4/4 + 4*s**3/3 - 3*s**2/2 + 2*s + 19. What is j(-5)?
-8
Let o(u) = 5*u**2 + 3*u - 2*u - 7*u - 4*u**2 + 4. Let k be o(4). Let b(d) = -d - 9. Calculate b(k).
-5
Let v(b) = -5*b**2 - 1. Let x(f) = f**2 - 2*f - 23. Let t be x(-4). Give v(t).
-6
Let j(y) = -y**3 - 6*y**2 - 5*y + 8. Let l be j(-4). Let d(m) = m**3 + 4*m**2 + 2*m + 3. Calculate d(l).
-5
Suppose 0 = -5*x + 4*x - k + 12, 2*k = 5*x - 81. Let s be (2 - 1) + (3 - -3). Suppose -s*c = -2*c + x. Let d(a) = a**3 + 5*a**2 + 5*a + 2. Determine d(c).
5
Let o(k) = 5*k - 3. Let r(n) = -4*n + 2. Let u(s) = 6*o(s) + 7*r(s). Determine u(5).
6
Let p = 1 - -1. Suppose t - p*t = 3. Let g(k) = -k**3 - 3*k**2 + 3*k + 4. Determine g(t).
-5
Let f(x) = -x**2 - 3*x + 3. Let h be ((-1)/(-2))/((-13)/78). Calculate f(h).
3
Let i(v) be the first derivative of -v**2/2 - 3*v + 1. Give i(0).
-3
Let s(w) be the second derivative of -w**8/6720 + w**7/420 - w**6/360 + w**5/20 + w**4/2 - 4*w. Let q(p) be the third derivative of s(p). Calculate q(6).
-6
Let k = -8 + 11. Suppose v + 0*o - 1 = 2*o, 0 = v + 3*o - 1. Let r(m) = -2*m + m + v + 6. Calculate r(k).
4
Suppose 11 = -3*g + 17. Let l(j) be the second derivative of -2*j + 0 + 0*j**2 - 1/3*j**3. What is l(g)?
-4
Let j(l) = 4*l + 1 - 2*l + 2 - 3*l. Give j(-5).
8
Let p(m) be the third derivative of m**4/8 - 2*m**3/3 + 11*m**2. Give p(7).
17
Let i(q) = q**3 + 2*q**2 + 6 - 6*q**2 - 7 + q. Calculate i(3).
-7
Let m(c) = -c - 2. Let v(h) = -h + 18. Suppose 3*n + n = 64. Let a be v(n). What is m(a)?
-4
Suppose 11 = 2*f - 3*f - 3*b, b = -4*f - 33. Let i(w) = w + 10. Let d be i(f). Let j(s) = -s**3 + 2*s**2 - 2*s. Determine j(d).
-4
Let s(i) = 5 - 4*i**2 + 3*i**2 - 3*i - 4. What is s(-5)?
-9
Let s(o) = o - 5. Let t be s(7). Let r(y) = -y - 3 + 5*y**2 + y**2 - 4*y**t - y**2. Let k be ((-4)/6)/((-4)/18). What is r(k)?
3
Let t(i) = -3*i**2 - 4*i + 3*i**2 - 1 + 0*i**2 + 2*i**2 + i**3. Let h be t(-3). Let v(n) = n + 1. Calculate v(h).
3
Let h = 14 - 7. Let q(n) = -n + h*n + 39*n**3 + 2*n**2 - 2 - 40*n**3. What is q(4)?
-10
Suppose -31 = -3*i - 7. Let q = i - 8. Let j(l) = -4*l**2 - 2*l**3 + q*l**2 - 3 + l + 3*l**3. Determine j(3).
-9
Let p(x) be the second derivative of -x**4/12 - x**3/2 - x**2 - 7*x. What is p(-2)?
0
Let t(y) = 7*y**3 - 5*y**2 + 3*y - 15. Let v(s) = 10*s**3 - 8*s**2 + 5*s - 22. Let p(j) = -7*t(j) + 5*v(j). Calculate p(5).
15
Let b(j) = 5*j - 4. Let x be b(0). Let l(z) be the first derivative of -z**3/3 - z**2 - 2*z - 2. Calculate l(x).
-10
Let c(n) = 11*n - 5. Let m(a) = 23*a - 11. Let p(r) = 13*c(r) - 6*m(r). Calculate p(1).
6
Let r(o) = -o**3 + 2. Let t be r(0). Let q(a) = a**3 - 4*a**2 + 3*a. Calculate q(t).
-2
Let c(n) = 3*n**2 - 4*n**2 - n**2 + 3*n**2. Suppose -22 - 6 = 4*i. Let f = i - -4. Determine c(f).
9
Suppose -5*p - 3 = 12. Let i(n) = n. Let l(q) = -2*q + 2. Let r(o) = 4*i(o) + l(o). Let a be r(p). Let m(z) = -z**3 - 4*z**2 - 4. Give m(a).
-4
Let t(w) = -8 - w**3 - 5*w**2 + 5*w - 9 + 12. Give t(-6).
1
Suppose 4*u + 5*w + 7 = -0*w, 0 = 4*u - 3*w - 17. Suppose 8 + 4 = u*m. Let d(v) = v**3 - 6*v**2 - 6. Determine d(m).
-6
Let m(n) = 18*n + 2 - 9*n - 3*n - 4*n. What is m(2)?
6
Suppose p - z - 3 = -0*p, -12 = -4*p + 5*z. Suppose 0 = p*u - 5*b - 43, 5*u + b - 15 = -2*b. Let c(w) = w**2 - 7*w + 1. Determine c(u).
-5
Let t(j) = -27*j**2 - 3 + 26*j**2 + 1 + 4*j. Give t(3).
1
Let x(p) = p**3 - 5*p**2 + 5*p - 1. Let o be 56/49*14/4. Calculate x(o).
3
Let u(x) = x + 6. Let j be u(-6). Let v(t) be the second derivative of -1/6*t**3 - 3/2*t**2 + 2*t + j. Give v(3).
-6
Let b(w) be the first derivative of w**4/4 + 5*w**3/3 - 3*w**2 - w - 30. Give b(-6).
-1
Let d(i) = 3*i + 2. Let y(q) = q + 6. Let p be y(2). Suppose 13*b - p = 9*b. Determine d(b).
8
Let o(l) be the second derivative of -l**4/12 + l**3/6 + l**2 - 3*l. Let j = -2 + 0. Let d be (j/(-1) - 1) + 1. Calculate o(d).
0
Let f(s) = 0*s**2 + 3 - 5*s - 2*s**2 + 3*s**2. Let q = 5 - 2. Suppose j - 8 = -q*j. What is f(j)?
-3
Let s(b) = 1. Let w(q) = -q + 2. Let k(z) = 2*s(z) - w(z). Let p(o) = 3*o + 64. Let m be p(-21). Calculate k(m).
1
Let n(i) = -3*i**3 - i**2 + i. Let s(b) = b**3 - 2*b**2 - b - 3. Let r be s(3). Let g(v) = -v. Let q be g(-2). Suppose r*o - q = o. Give n(o).
-3
Let l(m) = -4*m**2 + 3*m + 10. Let r(i) = -i**2. Let f(y) = l(y) - 3*r(y). Determine f(7).
-18
Let k(t) be the second derivative of -t**5/4 - t**3/6 - 11*t. Give k(1).
-6
Let n(r) = -r + 1. Let l(w) = -4*w - 1. Let o(t) = l(t) - 2*n(t). Determine o(-6).
9
Let n(o) be the first derivative of o**4/4 - 7*o**3/3 + o**2/2 - 9*o + 13. Give n(7).
-2
Let f(b) = -8*b + 1. Let z = -70